 + 129 - 5*k. Let h be q(-2). Calculate the highest common factor of 90 and h.
18
Let o = 7 - 2. Let z be 32*o/6*3. Let u be 2*15*((-56)/36)/(-7)*30. Calculate the highest common factor of z and u.
40
Let g(x) = -x**3 - 16*x**2 - 35*x - 40. Let y be g(-14). Calculate the highest common divisor of y and 87.
29
Let a(i) = i - 11. Let b be a(8). Let x(h) = h**3 + 4*h**2 - 4*h. Let n be x(b). Calculate the highest common factor of 126 and n.
21
Let s = 45 + -240. Let g be 137/15 + 26/s. Let o = -103 + 148. What is the greatest common divisor of o and g?
9
Suppose -252 + 12 = -20*x. What is the highest common divisor of x and 51?
3
Let m(j) = -3*j - 25. Let z be m(-10). Suppose 0 = z*n - 109 - 1. What is the greatest common factor of 154 and n?
22
Suppose -80*t - 1392 = -92*t. Calculate the highest common factor of 319 and t.
29
Suppose 10*m - 741 = 2499. What is the greatest common factor of 36 and m?
36
Let n = -9 + 14. Let r(v) = 3*v**3 + 2 - n*v - 7*v**2 + 3*v**3 - 5*v**3 + 0*v**2. Let c be r(8). What is the highest common divisor of c and 39?
13
Suppose -125*s = -100*s - 43300. Calculate the highest common factor of s and 4.
4
Suppose -2*x + 0*x = -224. Suppose 18*n - 248 = -13*n. What is the greatest common factor of n and x?
8
Let j(o) = 3 - 2 - 2 + 5 - o. Let m be j(0). Suppose m*q = 3*q + 21. What is the greatest common factor of q and 3?
3
Suppose 135 = 2*u - 11. Calculate the highest common divisor of u and 365.
73
Suppose 7 - 9 = -n - z, -3*z = -5*n + 10. Calculate the greatest common factor of n and 9.
1
Suppose -4*s + 4 = q, 0 = q - 2*s - 19 + 9. Calculate the greatest common factor of q and 392.
8
Let h(g) = 4*g + 108. Let a be h(-23). Let d(n) = n**3 + 6*n**2 - 2*n + 5. Let s be d(-5). What is the highest common factor of a and s?
8
Let f be (8/6)/(1/21). Let b = -16 + f. Suppose -8*i + 952 = 184. What is the highest common factor of b and i?
12
Let f = -32 - -104. What is the highest common divisor of f and 32?
8
Let r = 900 + -891. Calculate the greatest common divisor of 873 and r.
9
Let o = -155 + 120. Let f = o + 54. Calculate the highest common factor of f and 19.
19
Suppose -6*d = 95 - 1055. Calculate the highest common factor of d and 64.
32
Let o be (60/8 + -6)*78. What is the highest common factor of 39 and o?
39
Let o be (-2)/(-6)*(-6)/2. Suppose 4*x - 2*m = x + 44, -x = 4*m - 10. Let i = x - o. Calculate the highest common divisor of i and 3.
3
Suppose -4*u = 48 - 192. Let t be (0 + -361)/(2 + -3). Let a be (-6)/(-8)*(t + -1)/5. What is the highest common factor of u and a?
18
Let o be (-25)/(-4) - 4/16. Let h(u) = -4*u**2 - 110*u + 58. Let m be h(-28). What is the greatest common factor of m and o?
2
Suppose -3*q - 4*p + 62 + 1 = 0, 0 = -2*q - 4*p + 38. Let l = q + -1. Let u = 37 - l. Calculate the greatest common factor of 13 and u.
13
Suppose -2*b + 0*i + i + 9 = 0, 2*i = -5*b. Suppose n = 5*a - b*a - 888, 894 = 3*a + n. What is the highest common factor of 27 and a?
27
Let n be (-3 + 38/4)*2. Let o(k) = 3*k**3 - 5*k**3 + k**3 - 2*k + 13 + 11*k**2 + n*k. Let s be o(12). Calculate the greatest common divisor of 11 and s.
1
Suppose 0*i = -4*i - 5*z + 23, 3*i - 23 = 2*z. Let p = 8 + i. What is the highest common divisor of 120 and p?
15
Let h = -214 - -306. Calculate the highest common factor of 12 and h.
4
Let f be (7 - 4 - -1) + -12. Let v be (-15 - -3)*f*1. Calculate the highest common divisor of v and 48.
48
Suppose 5*k + 3*c = 27, 2*c + 0 = 3*k - 1. Let u be 15/10*16/k. Calculate the greatest common factor of u and 1.
1
Suppose 0 = 3*p - d + 129, 0 = -9*p + 4*p - d - 215. Let r = 219 + p. Let m(i) = -3*i + 1. Let y be m(-5). What is the greatest common divisor of r and y?
16
Suppose 3*f - 44 = 361. Let w be 2/6 + (-322)/(-6). Calculate the greatest common divisor of w and f.
27
Suppose -2*s = 3*s - 80. Let q = 417 - 237. Suppose -q = 11*v - s*v. What is the greatest common factor of v and 4?
4
Let y(i) = -i**3 + 14*i**2 + i - 8. Suppose 0 = 2*t - 6*t + 56. Let s be y(t). Suppose v = s*v - 45. Calculate the highest common divisor of 72 and v.
9
Suppose -32 = -2*b - 4*h, 3*h - 4 + 8 = 2*b. Let j be (12/(-2))/(-1 + -1). Calculate the greatest common divisor of b and j.
1
Let y(g) = 3*g**2 + g + 4. Let v be y(4). Let p = 94 - v. Suppose -p + 6 = -4*j. Calculate the highest common factor of 2 and j.
2
Suppose 32 = -m + 3*s, -2*m - m + 3*s = 66. Let z = m + 7. Let g = z + 34. Calculate the greatest common divisor of 3 and g.
3
Let j(r) = -10*r**3 - r. Let m = -4 + 8. Suppose -m*y + 5*k - 10 = -1, 2*k - 3 = y. Let u be j(y). What is the greatest common factor of 99 and u?
11
Suppose 16 + 4 = 10*x. Let u be -2 - (6/x + -87). What is the highest common divisor of u and 41?
41
Suppose -20*z + 11747 - 2447 = 0. What is the highest common factor of 124 and z?
31
Suppose -4*z = -10*z + 150. What is the greatest common factor of 200 and z?
25
Let c(v) = v**3 - 10*v**2 + 3. Let o be c(10). Let k be 1/(-3)*o*-7. Calculate the highest common factor of 49 and k.
7
Suppose 7788 = 27*q + 1929. Calculate the greatest common divisor of 124 and q.
31
Let o = 246 - 244. What is the highest common divisor of 106 and o?
2
Suppose 2*a - 3*m - 18 = 0, -2*a + m - 64 = -6*a. Let s be (-7)/(49/(-6))*70. What is the highest common factor of s and a?
15
Let k = -51 - -36. Let t be (-96)/k + (2 - (-36)/(-15)). Calculate the greatest common divisor of 66 and t.
6
Suppose 17 = -4*j - j + 4*t, 0 = 4*j + 5*t - 11. Let c = j + 10. Let u be 42/c + 2/6. Calculate the greatest common divisor of u and 35.
5
Let i(c) = 6*c**2 + 2*c + 1. Let j be i(-1). Let o(w) = w + 9. Let x be o(j). What is the highest common divisor of 14 and x?
14
Suppose -600 = -184*u + 174*u. Calculate the highest common factor of 84 and u.
12
Suppose -5*u - 3*g = -1749, g = 2*u + 3*g - 698. What is the greatest common divisor of 27 and u?
27
Let t be (1 + 22)/(6/168) - 0. Calculate the greatest common divisor of 28 and t.
28
Let n = 19 - -41. Suppose n = 6*v - v. What is the highest common divisor of 12 and v?
12
Let p = -1331 - -4082. Calculate the greatest common divisor of p and 21.
21
Suppose 50 = 5*u + 30. Suppose 0 = -4*t + 5*y + 22 + 115, -4*y - u = 0. What is the greatest common divisor of 11 and t?
11
Let w(r) = 12*r - 467. Let v be w(44). Calculate the greatest common factor of v and 2623.
61
Let f = -3 + 6. Suppose -5*l - u + 210 = -2*u, 3*u - 126 = -f*l. What is the highest common factor of l and 63?
21
Let v(z) = -z**2 - 83*z - 375. Let p be v(-77). What is the greatest common divisor of 4089 and p?
87
Let u = -286 + 326. What is the greatest common divisor of 56 and u?
8
Suppose 3*s - 288 = -3*s. What is the greatest common divisor of 120 and s?
24
Let m(v) = -3*v - 9. Let j be m(-6). Suppose j = -0*h + h. Suppose -7*b + h = -12. What is the greatest common divisor of b and 24?
3
Suppose -2*w + 3*u = -154 - 120, 4*u - 568 = -4*w. What is the greatest common divisor of w and 28?
28
Let o = -71 - -97. Suppose 2*k - 16 = o. Calculate the highest common factor of 14 and k.
7
Suppose 0 = 4*s - x - 865 - 704, -x + 1175 = 3*s. Calculate the greatest common divisor of 8 and s.
8
Let j(x) = -2*x**3 + 51*x**2 + 25*x + 34. Let u be j(26). Let t = 12 + u. Calculate the highest common divisor of t and 4.
4
Suppose -956 + 2396 = 3*g. Calculate the greatest common divisor of 15 and g.
15
Let s be ((-1)/2)/(6/(-108)). Let d be (-1)/(2 - 15/6). Suppose -3*j + 6*j - 123 = -d*x, -j - 64 = -x. What is the greatest common divisor of x and s?
9
Let y(o) = o**2 - o - 32. Let h be y(-8). Let m(s) = -2*s**2 - 7*s**3 - s**3 - s - 9*s**3. Let f be m(-1). What is the greatest common divisor of f and h?
8
Suppose -4*o + 468 = 4*t, -o + 16 = -4*t - 96. Suppose -5*m + 9*m + 3*w - o = 0, 5*w + 32 = 2*m. What is the greatest common factor of 182 and m?
26
Suppose -6*r - 19*r = -300. What is the greatest common divisor of r and 12?
12
Suppose 0 = 5*m + 3*o - 12, 5*o - 7 = -3*m - 3. Suppose 2*k = -5*v + 98, -m*k = 8*v - 5*v - 156. What is the highest common factor of 6 and k?
6
Let z = 158 - 100. Let o = z + -50. Calculate the highest common divisor of 32 and o.
8
Let g(k) = k**3 - 11*k**2 + 11*k + 2. Let o be g(10). What is the greatest common factor of o and 24?
12
Suppose x = -g + 72 + 57, -4*g + 1